44)/p). Let y(i) be the second derivative of -i**4/12 + 7*i**3/6 - i**2 + i. Give y(g).
4
Let o(c) = 9 + 3*c + 3*c - c + 6*c. Let p(j) = -5*j - 4. Let n(x) = 4*o(x) + 9*p(x). Calculate n(5).
-5
Let u(l) = -1518*l**3 - 3 + 17*l**2 + 4 + 2 + 1517*l**3 - 1. What is u(17)?
2
Let y(t) be the first derivative of -3*t**2 - 37*t + 28. Let f be y(-6). Let n(l) = -18*l**2. Determine n(f).
-18
Let x(j) = 29*j + 16 - 45*j + 17*j. What is x(0)?
16
Let m(z) be the second derivative of -13*z**8/6720 + z**6/720 - z**4/4 + 8*z. Let n(v) be the third derivative of m(v). Give n(1).
-12
Let g(f) be the second derivative of 7*f**2 + 0 + 1/6*f**3 + 19*f. Give g(0).
14
Let t(m) be the first derivative of 11 + 1/4*m**4 + m**3 + 3*m + 0*m**2. Give t(-4).
-13
Let v(x) = 2*x - 2*x + 7*x + 3 - x**2. Let o be ((-77)/88)/((-2)/16). Determine v(o).
3
Let c(o) = 25*o**2 + o. Let t(q) = -2*q**2 - 9*q + 25. Let r be t(2). Determine c(r).
24
Let n(d) = 3*d + 38. Let k(y) = -y - 7. Let r(j) = 6*k(j) + n(j). Calculate r(-5).
11
Let r(x) be the first derivative of x**2 - 22*x - 125. Calculate r(9).
-4
Let c(q) = -q + 5. Let f(g) = -1. Let x(b) = -2*c(b) - 14*f(b). Suppose -u = -63 + 18. Let a be 6/u - 368/60. Determine x(a).
-8
Let h(u) = -u**3 + 4*u**2 + 2*u. Let t(y) = -3*y + 12. Let x be t(13). Let f be (-26)/(-6) - (-9)/x. Give h(f).
8
Let r(f) = 2*f**3 - 8*f**2 - 4*f + 4. Let a(t) = 2*t**3 - 7*t**2 - 4*t + 3. Let c(q) = 6*a(q) - 5*r(q). Let x = 1675 - 1677. Determine c(x).
-18
Let p(q) = q**3 - 4*q**2 + 3*q + 4. Let x(f) be the first derivative of f**4/4 - f**3/3 + 3*f + 1. Suppose -2*h - 3*h = 0. Let t be x(h). Determine p(t).
4
Let l(x) be the first derivative of -x**4/4 - 7*x**3/3 + 5*x**2/2 - 11*x + 25. Give l(-8).
13
Let q(t) = -t**3 + 5*t**2 + 8*t - 8. Let f be q(5). Let p(c) = 37 - c**2 - f + 0*c**2. Determine p(0).
5
Let p(f) = f + 15. Let g = -124 + 117. Calculate p(g).
8
Let s(f) = -f - 10. Let m(h) = -h**3 - 19*h**2 + 21*h + 14. Let l be m(-20). What is s(l)?
-4
Let i(b) = -5*b**2 + 3*b + 3. Let r be i(0). Let l(p) = -5*p**2 - 5*p - 3. Let j(w) = 11*w**2 + 10*w + 7. Let a(k) = 6*j(k) + 13*l(k). What is a(r)?
-3
Let y(h) = h**2 + 2*h + 8. Let x(w) = -3*w**3 - w**2 + 8*w - 4. Let u be x(1). What is y(u)?
8
Let w(d) = 2*d - 2. Let j = 414 - 422. Determine w(j).
-18
Suppose -14 = -3*t - 2*f + f, -5*f + 25 = 0. Let d(l) = 4 + 6*l - 16*l**2 + 15*l**2 + t. Suppose z = 2*j - 1 - 6, 5*j + z = 28. What is d(j)?
12
Suppose -u = -v - 13, -3*v = -u + 10 + 13. Let g(j) = -4*j - 7. Calculate g(u).
-39
Let w(i) = 21*i + 12. Let o(f) = 7*f + 4. Let m(t) = 11*o(t) - 4*w(t). Calculate m(-5).
31
Let k be 1/((-6)/(-7 - -1)). Let y(f) = -3*f**3 + f. Determine y(k).
-2
Let f(l) = l**2 + 3*l - 3. Suppose 10*k + 77 = 11*k. Let c = 72 - k. Give f(c).
7
Let a(j) = -j**3 - 5. Let w be (-15)/(-5) - (1 - 8). Let l = 10 - w. Suppose l = -0*p - p. Give a(p).
-5
Let u be (28/(-84))/(2/24). Let t(k) = -2*k**3 + 6*k**2 + 4*k + 3. Let o(b) = b**3 - 5*b**2 - 3*b - 2. Let v(i) = 3*o(i) + 2*t(i). What is v(u)?
20
Let b(p) = -7 - 17 + 22 - 6 - 9*p. What is b(-4)?
28
Suppose 9 = 3*v + 3*n, -7*v + 2*v = -4*n - 6. Let l(c) = -c**3 + 6*c**2 - 3*c. Give l(v).
10
Let l(g) = g**3 + g**2 - g - 10. Suppose 0*i + 12 = 2*i. Let w(v) = -v - v**2 - i - 8*v - 2. Let y be w(-8). Give l(y).
-10
Let h(b) = -11*b**3 - 21*b**2 - 6*b - 3. Let r(a) = 5*a**3 + 10*a**2 + 3*a + 2. Let l(m) = 2*m + 10. Let k be l(-7). Let n(j) = k*h(j) - 9*r(j). What is n(-5)?
-16
Let m(g) = -g - 1. Let i(u) = -5*u**3 + u**2 + u. Suppose 8*s - 10*s - 2 = 0. Let h be i(s). Suppose 4 = h*f - b + 2, -4 = -2*f + 2*b. What is m(f)?
-1
Let u(d) = -d**2 - 15*d + 9. Let y be (-21)/2*(-140)/(-105). Give u(y).
23
Let h(f) = -2*f. Let w be h(-1). Suppose 4*y - p - w = -0*p, 8 = 4*y + 2*p. Let b(i) = 5*i + y + 2*i - i - 4*i. Determine b(-2).
-3
Let i be (-22)/77 + (-74)/(-14). Let h(l) be the first derivative of -l**2/2 + 6*l - 57. Determine h(i).
1
Let h(i) be the third derivative of 0 - 1/60*i**5 + 0*i + 4*i**2 + 7/24*i**4 - 1/6*i**3. Calculate h(6).
5
Let s(l) = l + 1. Suppose 1 = n - 2*p, p = n - 4*p - 4. Let d be s(n). Let k(r) = 43*r**2 - 8*r**3 - 42*r**2 + 2*r + 1 + d. Calculate k(-1).
8
Let u = 1717 - 1697. Let p(h) = -h + 18. Determine p(u).
-2
Suppose 0 = -4*i + 3*p + 15, 4*p - p = 5*i - 18. Let b(w) = 1 + 13*w**3 - 22*w**3 - 4*w + 8*w**i + 5*w**2. Give b(4).
1
Let b(i) be the second derivative of -i**8/6720 + i**6/180 - i**5/40 + 25*i**4/12 + 32*i. Let g(n) be the third derivative of b(n). What is g(3)?
-18
Let p(l) = 14 - 15 + 4 - l**2 + 5*l + 0*l**2. Determine p(4).
7
Suppose -2*w + 32 = 3*u, 0 = -59*w + 60*w - 4*u + 6. Let m(i) = -4*i + 12. What is m(w)?
-28
Let z(f) = -15*f**3 + 9*f**2 - 24*f + 11. Let h(d) = -7*d**3 + 4*d**2 - 11*d + 5. Let i(r) = -13*h(r) + 6*z(r). What is i(-3)?
-5
Let u = -3 - -10. Let d = u + -2. Suppose -5*r - c - 3 = -28, -3*r - d*c + 37 = 0. Let p(f) = f**3 - 3*f**2 - 4*f. Calculate p(r).
0
Suppose -2*n + 36 = 38. Let v = n - 3. Let u(l) = -l**2 - 5*l - 6. What is u(v)?
-2
Suppose 0 = 3*d - 12, 15 = -r + d + 5. Let q(w) = -w**2 - 6*w - 8. Give q(r).
-8
Let p(z) = -z**2 + 8*z + 12. Suppose -89*x + 93*x = 36. Give p(x).
3
Let v(k) = 3*k**2 + 7*k + 4. Let z(f) = 2*f**2 + 3*f + 1. Let s(r) = -3*v(r) + 5*z(r). Give s(7).
0
Let l be (-32)/(-28)*(-14)/(-4). Let g be (l/6)/((-4)/42). Let y(f) = f + 1. Calculate y(g).
-6
Let t(m) = -m**2 - 6*m - 6. Let d be t(-5). Let r = d + 2. Let i(p) = -178*p + 88*p + 87*p - 1. Determine i(r).
-4
Let b(m) = m**3 - 4*m**2 + 3*m + 1. Let j be b(3). Let z be 0 - 2 - (-1 - j). Suppose -4 = -2*w - z*w. Let a(s) = 2*s**3 + s**2 - 4*s + 3. What is a(w)?
15
Let s(p) = -p + 2. Let o be s(1). Suppose -o = -h - 6. Let f(b) = -b - 1. What is f(h)?
4
Let t(d) = -2*d + 1. Suppose r - 12 = -2*r. Let h = 10 - r. Suppose 0 = -f + 3*g + 5, g - 7 = -f + h*g. What is t(f)?
-3
Let f(r) be the first derivative of 1/3*r**3 + 4*r + 11 - 1/2*r**2. Determine f(0).
4
Let o(a) be the second derivative of a**4/12 + a**3/6 - 6*a**2 - 5*a. Let d be o(0). Let s be ((-1)/3)/((-4)/d). Let z(k) = 3*k**2 + 1. Calculate z(s).
4
Let t(a) = 3*a**3 - 11*a**2 - 9*a + 5. Suppose 0 = -7*f + 9*f + 10. Let u(v) = -v**3 + 6*v**2 + 5*v - 2. Let m(z) = f*u(z) - 2*t(z). Determine m(-7).
0
Let s(b) = -b**3 - 7*b**2 - 6*b + 2. Let q be 2 + -3 + (3 + -13)/2. Calculate s(q).
2
Let n(p) = p + 7*p + 29 - 13*p + 6*p. Calculate n(-12).
17
Let p(g) = -12*g - 1. Suppose 471 = -13*l + 445. Calculate p(l).
23
Let x(m) = m**3 - 11*m**2 + m - 10. Suppose -5*n = -23*n + 198. Calculate x(n).
1
Let n be (-108)/(-26) + -1 - 24/156. Suppose -n*c + 2*c + 1 = z, -20 = -5*z. Let p(i) = i**2 - 2*i + 1. What is p(c)?
16
Let t(u) be the third derivative of -u**7/840 - u**6/72 + u**5/120 - 7*u**4/24 + u**3 - 7*u**2. Let h(b) be the first derivative of t(b). Determine h(-5).
-12
Let x(u) = u**3 - 9*u**2 - 11*u + 12. Suppose 2*z + 5*y = z, 4*y = -5*z + 42. Let b be x(z). Let o(h) = 2 - 5 - 47*h**b + 48*h**2 - h + 0*h. What is o(3)?
3
Let r(w) = -5 + 4 - 4 + 2*w. Let z be r(4). Let l(o) be the third derivative of -o**5/30 + o**4/8 + o**3/6 - 57*o**2. Give l(z).
-8
Suppose 0 = -4*y + j + 15, -2*y - 3*y - j = -12. Let f(m) = -m**3 - 5*m**3 + 7*m**y + 2*m**2 + m - 1 + m. Give f(-3).
-16
Let l = -24 - -34. Let b = l - 2. Let x(s) = 3 + s - 2 - 5 + 0*s. Determine x(b).
4
Let c(s) = s**2 + 4*s - 8. Suppose 3*r + 3*r = -36. Let j = r - 0. Let d be c(j). Let x(f) = f - 2. Give x(d).
2
Let i(g) = 3*g + 13. Let l be i(-4). Let y(c) be the first derivative of c**4/4 - 2*c**3/3 + c**2 - c + 4. Give y(l).
0
Suppose y - 2*b + 7*b = 8, 2*y + 2*b - 8 = 0. Suppose -5*g = -4*g - 67. Let q(m) = -m + 68 + 2*m - g. What is q(y)?
4
Let i(j) be the third derivative of 3/20*j**5 - 1/24*j**4 + 0*j + 1/6*j**3 + 0 - 5*j**2. Determine i(1).
9
Let w(s) = -8*s**3 - 3*s + 3. Let n(j) = 3*j**3 + 8*j**2 - 15*j + 5. Let t be n(-4). Calculate w(t).
-8
Let m(o) = -191*o - 7 + 391*o - 198*o. What is m(-2)?
-11
Let q(o) be the third derivative of -o**6/120 + 2*o**5/15 - 7*o**4/24 - o**3/2 + 115*o**2. Calculate q(7).
-3
Let r(j) be the first derivative of j**4/3 + 7*j**2/2 + 25. Let g(f) be the second derivative of r(f). Determine g(-2).
-16
Let a = -294 - -292. Let c(w) be the third derivative of w